s**2 + 4. Let j be q(-3). Let t = j - -42. Is t a composite number?
False
Suppose 2*a + 8 = -5*g - 23, 0 = -4*g + 4*a - 8. Let r = g - -18. Is r composite?
False
Let j(y) = -1 - 36*y**2 + 72*y**2 + 168*y**2. Is j(-1) composite?
True
Suppose -463 = -2*k + 651. Is k prime?
True
Let s(k) = 1010*k**2 - 3*k + 2. Is s(1) a prime number?
True
Let w(x) = -29*x - 7. Is w(-4) composite?
False
Let x(u) = -u**3 + 6*u**2 + 7*u - 3. Let j(y) = y + 15. Let w be j(-8). Let l be x(w). Let s = 18 - l. Is s a composite number?
True
Suppose 0 = 2*c - 2*q - 2, 2*c - 1 = -3*q - 4. Suppose 4*d - 2*d - 166 = c. Let r = d + -46. Is r composite?
False
Let h(w) = 6*w**2 - 12*w + 19. Is h(9) prime?
True
Suppose -4*p + 0*m + 824 = -4*m, -5*p - 3*m = -1070. Is p prime?
True
Suppose -7*x = -3*x - 596. Is x prime?
True
Is 8444/12 + 8/(-12) prime?
False
Suppose -3*t + 11 = -1. Is 3933/21 + t/(-14) a composite number?
True
Suppose 0 = -4*w - 1884 + 80. Let s be (-3)/2*9096/18. Let r = w - s. Is r prime?
True
Let m(s) = -2*s**2 - 4*s - 3. Let h be (1/3)/(5/(-45)). Let b be m(h). Is 7*5 - (b + 9) composite?
True
Suppose -h = h - 1650. Let b = h + -518. Is b a prime number?
True
Suppose 10 = 2*g - 0. Suppose b = 4, g*b = -n + 7 + 13. Let v = n - -11. Is v a composite number?
False
Suppose -7*h - h + 16824 = 0. Is h a composite number?
True
Let g(u) = -359*u. Is g(-5) prime?
False
Let a(n) = -n**2 + 9*n - 7. Let w be a(8). Let x = w + 22. Is x a prime number?
True
Let u(w) be the second derivative of w**4/2 + w**3/6 + w. Let k be u(1). Suppose 127 = 2*b - k. Is b composite?
False
Is (-3)/(15/(-6295)) - 0 a composite number?
False
Let v be (3 - 0) + 1*6. Suppose -4*i - 1 = -v. Let p(y) = 10*y + 1. Is p(i) prime?
False
Let d = 195 - 72. Is d a composite number?
True
Let u be 152/16 + 2/4. Is 3658/18 + u/(-45) prime?
False
Let l(r) = -r + 0*r + r**2 + 2*r. Let x be l(-3). Let t(w) = 2*w**2 - 7*w + 5. Is t(x) prime?
False
Suppose 39 = -3*t - 6. Let u be (-66)/9*t/2. Is (2 + u)*(-2)/(-6) prime?
True
Let j be 498/15*(1 + 4). Suppose 3*a - j = a + y, -3*a - 5*y + 249 = 0. Is a a composite number?
False
Suppose -2*c + 87 = -c. Is c composite?
True
Let r(q) = 2*q**2 - 6*q + 3. Is r(-5) a composite number?
False
Let o(r) = 223*r**3 + 2*r**2 - 2. Is o(1) a composite number?
False
Let r be (((-24)/1)/(-4))/2. Suppose -2080 = -5*m - 5*h, 367 = r*m + 5*h - 875. Is m composite?
False
Let r(z) = -z**3 - 11*z**2 + 18*z - 8. Let u be r(-13). Suppose 0 = 2*d - 5*w - 182, -d = -0*d - 5*w - u. Is d composite?
True
Let s = -1076 + 1659. Is s prime?
False
Is 17 + (1 - -3) + -2 a prime number?
True
Suppose -4*s = 3*n - 5*n - 20, 0 = 5*n - 3*s + 36. Let i be (-4)/((-8)/n) - 1. Let o(x) = 8*x**2 + 2*x + 1. Is o(i) a composite number?
True
Let d be (0 - (-12)/4) + -6. Let w(k) = 4*k**2 - 4*k - 1. Is w(d) composite?
False
Let j(i) = -5*i + 4. Let h(p) = 14*p - 12. Let t(y) = 3*h(y) + 8*j(y). Suppose -4*m = x + 11, m + 15 = -x - 4*m. Is t(x) a prime number?
False
Suppose 0 = -4*w + 3*k + 3884, -2*w - 2*k = 3*w - 4855. Is w composite?
False
Let x(l) = -4*l + 7 + 0 + l**3 + 0*l**3 - 4*l**2. Is x(6) prime?
False
Let n(j) = 4*j**2 - 12*j - 6. Is n(-8) a prime number?
False
Suppose 750 = 5*g - 5*o, 0*g + 478 = 3*g + 4*o. Let y = g + 137. Is y a prime number?
False
Suppose 0 = -0*z + 5*z + 20, -p = 5*z - 179. Is p a composite number?
False
Suppose 0 = -2*n + 107 + 55. Suppose -2*y - u + 114 = 0, -2*y + 2*u = -45 - n. Suppose -2*v + y = -39. Is v prime?
False
Let s(z) = -z + 7. Suppose -11 = -3*c + 4. Let q be s(c). Suppose q*l - 455 = -3*l. Is l composite?
True
Let v be (0 + 1)*(-4)/4. Is v + 3 + 110 + 3 composite?
True
Let q(o) = -4*o + 2*o - 2 + 5 + 10*o**2. Suppose p = 2*p - 3*j - 11, -3*p + 3 = j. Is q(p) composite?
True
Suppose 3*g + 4*a = 31, -3*a = -0*a - 12. Suppose 0*c = -2*c. Suppose -7*l + 3*v = -3*l - 242, l - g*v - 69 = c. Is l a prime number?
True
Suppose 3*u - 2*u = 5. Suppose u*p = 2*p + 18. Let n(x) = 2*x**2 - 3*x - 5. Is n(p) composite?
True
Let i(v) = -v**3 - 7*v**2 - 8*v - 3. Let b be i(-6). Is (105/b)/(2/6) a composite number?
True
Suppose 0 = -4*x + 12, 2*a + 4*x + 439 = 3*a. Is a a prime number?
False
Let q(b) = b**3 + 6*b**2 + 4*b - 5. Let x be q(-5). Suppose x = f - 63 - 26. Is f a prime number?
True
Suppose 0 = t + q - 2, -5*t + 4*q = 2*q - 17. Suppose 2*r = -t + 1. Is -1*(-48 - (-2 - r)) composite?
False
Suppose 2*k + 382 = 4*k. Is k composite?
False
Suppose -2*b + 20 + 1766 = 0. Is b prime?
False
Let k be -2 + 211 + 3 + 3. Suppose 2*m + 69 = j, k = 3*j + m + m. Is j composite?
False
Let t = 42 + -9. Let j be (-2 - (-7)/3)*t. Is j*1 + 2 + -3 a prime number?
False
Let l be (0 - 2)/((-4)/20). Suppose 0 = -5*z - 2*m - 4, 4*m + 8 + 0 = 0. Suppose z = 11*x - l*x - 31. Is x a composite number?
False
Let w(f) = -9*f - 10. Let n be w(11). Let o = 250 + n. Is o prime?
False
Is -7*(-7 + 4 - 94) composite?
True
Let t(q) = -q**3 - 3*q**2 + 3*q - 1. Let l be t(-4). Suppose -j = -l*j + 70. Is j a composite number?
True
Suppose -5*z + 333 + 4062 = 0. Is z prime?
False
Let j be (-4)/6 - 222/(-9). Let f(d) = -9*d**2 - 10*d + 2. Let g(x) = -x**2 - x. Let q(h) = j*g(h) - 3*f(h). Is q(-5) a prime number?
False
Let m(a) = 4*a**2 - 4*a + 7. Is m(9) a prime number?
False
Let m be -18*1/((-12)/(-8)). Is 1*51/m*-28 a prime number?
False
Suppose 5*i + p = 83, 0 = -i + 3*p + 5 + 18. Suppose -116 = -3*q - i. Is q composite?
True
Let w be (-3)/(-9) - 341/(-3). Let a = 205 - w. Is a prime?
False
Let l(d) = -24*d**3 + d**2 - 3*d - 3. Is l(-2) a prime number?
True
Suppose -5*s - 3*m - 66 = 0, 0 = -s - 4*m - m - 22. Is (-30)/s*(-24)/(-10) prime?
False
Let y be ((-4)/(-6))/((-2)/12). Let v(t) = t + 4*t**2 + 2*t**2 - 5*t**2 - 1 + 0. Is v(y) a composite number?
False
Let c(b) = b**3 + 4*b**2 + 2*b - 1. Let p be c(-3). Suppose p*k = f - 31, -3*f - k = -4*f + 35. Is f a prime number?
False
Suppose 0 = 5*q + i + 21, q + q + 30 = 5*i. Let v be (-287)/q - (-4)/(-10). Is (-1)/(-2 + v/30) composite?
True
Suppose -7*n = -2*n - 15, 5*n = 3*a - 1146. Is 1*(a + 6 + -4) a prime number?
True
Is 94 - 4/(4 - 0) prime?
False
Let h = -3 - -3. Is (-1 - h)*(-78 - 1) a prime number?
True
Let p = 1243 - 630. Is p a composite number?
False
Suppose -a = 5*w + a + 10, 3*w - 3*a = 15. Suppose w*r - 370 = -5*r. Is r prime?
False
Suppose -v - 2*v = -30. Let j be 3/9 + v/6. Suppose j*x = -2*x + 652. Is x a composite number?
False
Let y = 8 - 4. Suppose -447 = -y*j + j. Is j a prime number?
True
Suppose 24 = 4*k - 24. Let y = 38 - k. Is y a prime number?
False
Let t = -1 + -5. Let g(n) = -n - 6. Let z be g(t). Let j(q) = q + 49. Is j(z) prime?
False
Let d = 649 + -312. Is d composite?
False
Suppose 231 - 1053 = -3*r. Suppose 0 = -4*k - r + 86. Let n = k + 69. Is n prime?
False
Let f = 0 - 3. Is ((-1)/f)/((-1)/(-18)) prime?
False
Let n be 6/3 + (0 - 0). Suppose -n*r = i - 31, 2*r - 14 - 47 = 5*i. Let b = 39 - r. Is b a prime number?
False
Let v = 15 - 9. Let k(l) = 2*l**2 + 4*l - 12. Let o(w) = -w**2 + 1. Let u(h) = -k(h) - 5*o(h). Is u(v) prime?
False
Is 1 - 1 - (5 + -4 - 1638) composite?
False
Suppose -2*r - r = -147. Let f(w) = w**3 - 11*w**2 - 5*w - 9. Let z be f(12). Let l = z - r. Is l a prime number?
False
Let y be 2 + 0 - (1 + -5). Let s be 122/3 - y/9. Let p = s + -21. Is p a composite number?
False
Suppose 14*q - 4*q = 53810. Is q a prime number?
True
Let i = 6 + -10. Is (1/(-2))/(i/1304) a prime number?
True
Let b be (-10)/(-3) + (-4)/(-6). Suppose 5*p - 184 = -3*z, b*z = 5*z + 4*p - 73. Is z composite?
False
Let z(c) = -c**3 - 5*c**2 + 3*c + 2. Let r = -9 + 19. Let w = -17 + r. Is z(w) composite?
False
Suppose 730 = -4*f + 8*f - 2*w, 5*f - 4*w - 917 = 0. Is f a composite number?
False
Suppose -734 = -2*q + 8. Is q prime?
False
Let z = 108 + -55. Is z a composite number?
False
Is (-1 - 1212)*3/9*-3 a composite number?
False
Suppose 4*d = -0*g + 2*g + 58, -17 = -d + 3*g. Is 8/28 + 682/d prime?
False
Let l = -132 + 225. Is l composite?
True
Let k = 166 - 39. Is k composite?
False
Let v be (-36)/9 - -23*2. Suppose 0 = -3*i + 3*x + v, 0 = -i - 2*x - 2*x + 14. Is i a prime number?
False
Let x(w) be the first derivative of w**2 - 2*w - 3. Let i be x(3). Let z(b) = 2*b**3 - 3*b**2 - b + 3. Is z(i) composite?
False
Suppose 10*t - 4778 = 2672. Is